culate the highest common factor of i and 3.
1
Suppose -5*a + 653 - 98 = 0. Calculate the greatest common divisor of 37 and a.
37
Let i(d) = -d**2 + 10*d + 25. Let f be i(12). Let a = 3 + 8. What is the greatest common factor of f and a?
1
Suppose -3*z = -2*o - 85, 2*z - 46 = -3*o + 28. Suppose -2*u + 5*u + z = 2*x, -4*x + u + 37 = 0. Calculate the greatest common divisor of 56 and x.
8
Let i be (-16)/(-28) - 266/(-49). What is the highest common factor of 174 and i?
6
Let u be ((-80)/6)/((-4)/6). What is the greatest common divisor of 80 and u?
20
Let h = 17 + -13. Let z(m) = m**2 + 6*m - 6. Let v be z(-7). What is the highest common divisor of v and h?
1
Let j(o) = o**2 - o - 16. Let f be j(0). Let n(s) = -s**2 + s - 7. Let i be n(0). Let h = i - f. What is the greatest common factor of 36 and h?
9
Let u be (-20)/14*(1 - 8). Calculate the highest common divisor of u and 70.
10
Let u be -2 + 8 + 0/(-3). Let t be (4/(-6))/(u/(-1089)). Calculate the highest common divisor of t and 11.
11
Let d be ((-136)/(-12))/(6/9). Calculate the greatest common divisor of d and 17.
17
Suppose z + 15 = 184. What is the highest common factor of 13 and z?
13
Let q(f) = f**3 + 7*f**2 - 9*f - 1. Let j be q(-8). What is the greatest common divisor of j and 35?
7
Let d = 3 + -3. Suppose 2*g = d, -3*w - g + 10 = 2*w. Let k be (-1)/3*-6*w. What is the highest common divisor of k and 1?
1
Suppose 66 = 15*d - 9*d. What is the highest common divisor of d and 11?
11
Let b(q) = -q**3 - 7*q**2 + 9*q + 26. Let j be b(-8). What is the greatest common factor of 63 and j?
9
Let o = 17 - 10. What is the greatest common factor of o and 56?
7
Suppose -8 = 2*a - 6*a. Let x = -10 + 4. Let d be (a + 16)*(-8)/x. What is the greatest common divisor of 36 and d?
12
Suppose -2*m - 5*v = m - 75, v - 3 = 0. What is the highest common divisor of 30 and m?
10
Let i be -10 + 2*(-3)/(-6). Let o = i - -16. Let g = o - -5. Calculate the greatest common divisor of 60 and g.
12
Let k = -29 - -8. Let z = -36 - k. Let l be (3 + -5 - -1)*z. What is the highest common factor of 10 and l?
5
Let g = 462 + -198. Suppose -o - o + g = 0. What is the highest common factor of 12 and o?
12
Suppose -5*o + 4 = -1. Let q be (-5)/(-1) + -1 - o. What is the greatest common divisor of q and 33?
3
Let c = 21 + -14. What is the greatest common divisor of c and 21?
7
Let w(a) = -a**2 + 18*a + 25. Let r be w(17). Calculate the highest common factor of r and 21.
21
Suppose -10*m + 840 = 11*m. Calculate the highest common divisor of m and 32.
8
Let f be (-12)/8 + (-1406)/(-4). Suppose -5*d + 10*d = f. What is the greatest common factor of 14 and d?
14
Suppose 72 = 4*g - 16. Suppose -2*n = -x - x + g, -49 = -4*x + 3*n. Let u(d) = 6*d**2 - 3*d + 4. Let l be u(-4). What is the greatest common divisor of l and x?
16
Suppose -2*u - a + 36 = 3*a, 4*u + 3*a = 67. Calculate the highest common divisor of 48 and u.
16
Let a be (-14)/(-6)*(-60)/(-4). What is the greatest common factor of a and 210?
35
Let r = -30 + 43. Calculate the highest common factor of r and 117.
13
Suppose 4 = 3*w - 11. Suppose w*h - 76 = l, l = -5*h + 86 - 12. What is the highest common divisor of h and 15?
15
Suppose 28 + 52 = 5*d. Calculate the greatest common factor of d and 32.
16
Suppose 4*w + 2*k - 203 = -w, -4*k + 16 = 0. Let o = -23 + w. Suppose -3*f + 2*f = -o. What is the greatest common factor of 8 and f?
8
Let n = 19 + -14. What is the greatest common divisor of n and 35?
5
Let h(t) = 12*t + 4. Let o be h(3). Let d be ((-72)/15)/((-3)/10). Let x = d - 8. What is the greatest common divisor of x and o?
8
Let j(m) = 70*m**2 + m + 1. Let c be j(1). Suppose 2*d + d + 15 = 0, 3*f - 2*d = 37. Calculate the greatest common divisor of c and f.
9
Let w = -3 + 5. Suppose w*d - 14 = 6. Suppose k - 3*o - 68 = -k, -k = -3*o - 28. What is the greatest common factor of d and k?
10
Suppose 0 = -4*y - 5*x + 35, -x = 5*y - 5*x - 54. Suppose 9*p - 11*p + y = 0. Calculate the greatest common factor of p and 25.
5
Let g be 44/3 - (-2)/(-3). Suppose w - 3*s + 8*s = 14, 0 = -w - 4*s + 14. Calculate the greatest common factor of w and g.
14
Let y be (4 + -28)/(0 - 1). Calculate the highest common divisor of y and 60.
12
Let i(r) = -r**3 - 9*r**2 - 10*r + 1. Let j be i(-7). Let g be (6 + -4)/((-2)/j). Calculate the highest common factor of g and 9.
9
Let m be (-2 - -5) + (-1)/(-1). What is the greatest common divisor of 1 and m?
1
Let i(p) = -2 - 3 + 4*p + 7*p - p**2. Let l be i(10). Suppose r - l*s + 12 = 0, -4*r + 6*r = -3*s + 15. Calculate the highest common divisor of r and 18.
3
Let q be (-133)/21*(-9)/3. Calculate the highest common factor of q and 209.
19
Let x = -1 - -9. What is the greatest common divisor of x and 40?
8
Suppose -10*q + 9*q + 4 = 0. Calculate the highest common factor of 20 and q.
4
Let m be (-334 - -1)/(5 - 6). What is the highest common divisor of m and 37?
37
Suppose 3*t - t = 10. Suppose 3 = -l - q + 8, 5*l = -3*q + 35. Suppose 2*o - 5*m - l = 40, -110 = -4*o + t*m. What is the highest common factor of 12 and o?
6
Let z = -1 - -5. Let q = z + -2. Let s be q - (0 - 18/3). What is the greatest common factor of s and 2?
2
Suppose -6*r - 4*t - 47 = -3*r, -2*r + 4*t - 18 = 0. Let j = -7 - r. Suppose -k + 75 = 27. What is the greatest common factor of k and j?
6
Suppose -4*u = -3 - 5. Suppose -4*s + 0*n = u*n - 368, -3*s + 3*n = -258. What is the highest common divisor of s and 18?
18
Let b be (-2 - (-1 - -1)) + 8. Let j = b - 3. Suppose 180 = j*l + 15. Calculate the greatest common factor of l and 11.
11
Suppose -m + w + 102 = 0, 0 = m + w - 135 + 27. What is the highest common factor of m and 21?
21
Let m(c) = 5*c**2 + 4*c - 2. Let v(s) = s. Let y(r) = m(r) - v(r). Let h be y(2). Suppose h = -p + 4*p. Calculate the highest common divisor of 72 and p.
8
Let l be 136 - (-12)/(-9)*3. Suppose 8 = 4*a, -x = -4*x + 5*a + 110. Suppose 2*k - w + 5*w - x = 0, -5*w = -20. Calculate the highest common divisor of l and k.
12
Let a be (-10)/(5 - (-175)/(-30)). Calculate the highest common factor of a and 78.
6
Let p = 7 - 9. Let g be p/((-3)/132 + 0). Calculate the greatest common factor of g and 11.
11
Let g = 7 + -27. Let d be (-108)/g + 8/(-20). Calculate the highest common divisor of 15 and d.
5
Let s be 2/3 + (5 - (-798)/18). Calculate the highest common factor of 350 and s.
50
Let s(p) = p - 7. Let o be s(10). Let y(w) = -4*w + 14*w**2 + 2*w**2 - 4 + 5*w. Let g be y(o). What is the highest common divisor of g and 13?
13
Let r = 31 - 19. Calculate the highest common factor of 3 and r.
3
Let w be (-16 - 0)/(3/(-6)). What is the greatest common factor of w and 48?
16
Let q(d) = -d + 9. Let x be q(10). Let t = x - -4. Let o(u) = -u**3 + 5*u**2 - 3*u + 2. Let y be o(t). Calculate the greatest common factor of y and 44.
11
Suppose 3*o - 4*l = 2, -3*o + l + 3 = -2*l. Let t = 27 + -16. Suppose -t = -n + o. What is the highest common factor of n and 26?
13
Let j = -4 + 10. Calculate the greatest common divisor of j and 54.
6
Let a = -41 - -67. What is the greatest common divisor of a and 65?
13
Let k(z) be the first derivative of -13*z**2/2 - 6*z + 2. Let w be k(-6). Calculate the greatest common factor of 9 and w.
9
Suppose -3*z = -5*z + 4. Suppose l - 13 = -5*n - 3, 10 = 5*n + z*l. Suppose -n*u = -0*u - 20. Calculate the greatest common factor of u and 4.
2
Let w(b) = 5*b. Let s be (-6 + 4)/(2/(-2)). Let v be w(s). Calculate the highest common factor of 10 and v.
10
Suppose -20 = -5*j, 3*s - 4*j + 4 = 24. Suppose 3*o = 18 + 18. Let t be o + (0/1)/(-2). What is the greatest common factor of t and s?
12
Let r be 1 + 11 + -2 - 2. Let h(x) = -12*x - 8. Let q be h(-8). What is the greatest common divisor of q and r?
8
Let g be -3 + 49 + 4 - 1. Calculate the greatest common divisor of g and 7.
7
Suppose 3*r - 3*d - 12 = 0, -5*d - 16 = -5*r - 4*d. Let l be r/2*228/18. What is the greatest common divisor of 19 and l?
19
Let w(l) = 2*l**3 - 19*l**2 - 10*l + 18. Let c be w(10). What is the greatest common factor of 45 and c?
9
Let p be ((-352)/20)/(4/(-50)). Let y = p + -119. Let i be y + (-3 - -2) + -1. Calculate the highest common divisor of 11 and i.
11
Let m = 287 - 161. What is the highest common factor of m and 14?
14
Suppose 60 = -2*r - 3*x + x, 2*r = x - 4